{"id":1101,"date":"2013-10-03T13:14:08","date_gmt":"2013-10-03T11:14:08","guid":{"rendered":"http:\/\/www.solvena.pl\/?page_id=1101"},"modified":"2014-04-08T15:11:24","modified_gmt":"2014-04-08T13:11:24","slug":"sok-system-obslugi-kompostowni","status":"publish","type":"page","link":"https:\/\/www.solvena.pl\/?page_id=1101","title":{"rendered":"SOK &#8211; System Obs\u0142ugi Kompostowni"},"content":{"rendered":"<ol>\n<li><em>Czy wiesz, \u017ce zgodnie z wymogami Unii Europejskiej do 2014 roku Polska, a po\u015brednio gminy maj\u0105 obowi\u0105zek ograniczy\u0107 ilo\u015b\u0107 \u015bmieci trafiaj\u0105cych na sk\u0142adowiska o 15 %. Dodatkowo nale\u017cy zmniejszy\u0107 ilo\u015b\u0107 trafiaj\u0105cych tam bioodpad&oacute;w o 50 % w por&oacute;wnaniu do 1995 roku?<\/em><\/li>\n<li><em>Czy Twoja gmina posiada lub planuje budow\u0119 kompostowni?<\/em><\/li>\n<li><em>Czy masz narz\u0119dzie aby sprawnie ni\u0105 zarz\u0105dza\u0107?<\/em><\/li>\n<\/ol>\n<p>W zwi\u0105zku z rozwojem autorskiego rozwi\u0105zania informatycznego, wspomagaj\u0105cego&nbsp; kszta\u0142towanie i realizacj\u0119 polityki gospodarowania odpadami na terenie miasta i gminy, zosta\u0142a zaprojektowana nowa funkcjonalno\u015b\u0107 &ndash;&nbsp;<span style=\"color: rgb(0, 128, 0);\"><strong>System Obs\u0142ugi Kompostowni.&nbsp;<\/strong><\/span><\/p>\n<p>Podstawowym za\u0142o\u017ceniem dla tej aplikacji jest zapewnienie efektywnej obs\u0142ugi wszystkich najwa\u017cniejszych proces&oacute;w zwi\u0105zanych z funkcjonowaniem kompostowni.<\/p>\n<p>Konsultanci Solveny przy wsp&oacute;\u0142pracy z Dzia\u0142em Utrzymania Czysto\u015bci i Gospodarki Odpadami ZDiUM&nbsp; we Wroc\u0142awiu dokonali analizy wymaga\u0144 i stworzyli modu\u0142owe, intuicyjne rozwi\u0105zanie wspomagaj\u0105ce nast\u0119puj\u0105ce obszary:<br \/>\n\t&nbsp;<\/p>\n<ul>\n<li>Ewidencja firm dostarczaj\u0105cych odpady zielone<\/li>\n<li>Ewidencja um&oacute;w na dostarczanie odpad&oacute;w zielonych<\/li>\n<li>Ewidencja faktur na dostarczanie odpad&oacute;w<\/li>\n<li>Ewidencja przyj\u0119\u0107 odpad&oacute;w wraz z kontrol\u0105 limit&oacute;w wynikaj\u0105cych z podpisanych um&oacute;w<\/li>\n<li>Pe\u0142na kontrola i wizualizacja procesu technologicznego (parametry pryzm, pomiary, alerty)<\/li>\n<li>Magazyn wyrob&oacute;w gotowych (ewidencja pryzm-kompost wraz z parametrami )<\/li>\n<li>Ewidencja sprzeda\u017cy wyrob&oacute;w gotowych tj. kompostu (umowy sprzeda\u017cy, dokumenty wyda\u0144)<\/li>\n<li>Ewidencja i kontrola koszt&oacute;w zwi\u0105zanych z funkcjonowaniem obiektu<\/li>\n<li>Ewidencja i serwis wyposa\u017cenie<\/li>\n<\/ul>\n<p>System Obs\u0142ugi Kompostowni&nbsp; to autonomiczny modu\u0142 Systemu Monitorowania Odpad&oacute;w Komunalnych. Przygotowany z my\u015bl\u0105 o&nbsp; jednostkach gminnych lub innych podmiotach&nbsp; zarz\u0105dzaj\u0105cych kompostowni\u0105.<\/p>\n<p>KOMPOSTOWNIA umo\u017cliwia obj\u0119cie wszystkich proces&oacute;w w zakresie zarz\u0105dzania kompostowni\u0105&nbsp; w jednym sp&oacute;jnym systemie informatycznym&nbsp; co zapewnia pe\u0142n\u0105 kontrol\u0119,&nbsp; rzetelno\u015b\u0107 i wiarygodno\u015b\u0107 informacji niezb\u0119dnych do efektywnego zarz\u0105dzania.<\/p>\n<p style=\"text-align: center;\"><strong>System Obs\u0142ugi Kompostowni &#8211; Strona g\u0142&oacute;wna<br \/>\n\t<\/strong><\/p>\n<p><img loading=\"lazy\" align=\"absMiddle\" alt=\"Widok strony g\u0142\u00f3wnej SOK\" height=\"345\" src=\"http:\/\/www.solvena.pl\/wp-content\/uploads\/image\/SOK1.JPG\" width=\"610\" \/><br \/>\n\t&nbsp;<\/p>\n<p style=\"text-align: center;\"><strong>KOMPOSTOWNIA &#8211; Pomiary<br \/>\n\t<\/strong><\/p>\n<p style=\"text-align: center;\"><img loading=\"lazy\" align=\"absMiddle\" alt=\"Widok charakteryzuj\u0105cy pomiary SOK\" height=\"274\" src=\"http:\/\/www.solvena.pl\/wp-content\/uploads\/image\/SOK2.JPG\" width=\"561\" \/><\/p>\n","protected":false},"excerpt":{"rendered":"<p>Czy wiesz, \u017ce zgodnie z wymogami Unii Europejskiej do 2014 roku Polska, a po\u015brednio gminy maj\u0105 obowi\u0105zek ograniczy\u0107 ilo\u015b\u0107 \u015bmieci trafiaj\u0105cych na sk\u0142adowiska o 15 %. Dodatkowo nale\u017cy zmniejszy\u0107 ilo\u015b\u0107 trafiaj\u0105cych tam bioodpad&oacute;w o 50 % w por&oacute;wnaniu do 1995 roku? Czy Twoja gmina posiada lub planuje budow\u0119 kompostowni? Czy masz narz\u0119dzie aby sprawnie ni\u0105&hellip; <br \/> <a class=\"read-more\" href=\"https:\/\/www.solvena.pl\/?page_id=1101\">Dowiedz si\u0119 wi\u0119cej<\/a><\/p>\n","protected":false},"author":1,"featured_media":0,"parent":0,"menu_order":0,"comment_status":"closed","ping_status":"open","template":"","meta":{"_mi_skip_tracking":false},"_links":{"self":[{"href":"https:\/\/www.solvena.pl\/index.php?rest_route=\/wp\/v2\/pages\/1101"}],"collection":[{"href":"https:\/\/www.solvena.pl\/index.php?rest_route=\/wp\/v2\/pages"}],"about":[{"href":"https:\/\/www.solvena.pl\/index.php?rest_route=\/wp\/v2\/types\/page"}],"author":[{"embeddable":true,"href":"https:\/\/www.solvena.pl\/index.php?rest_route=\/wp\/v2\/users\/1"}],"replies":[{"embeddable":true,"href":"https:\/\/www.solvena.pl\/index.php?rest_route=%2Fwp%2Fv2%2Fcomments&post=1101"}],"version-history":[{"count":2,"href":"https:\/\/www.solvena.pl\/index.php?rest_route=\/wp\/v2\/pages\/1101\/revisions"}],"predecessor-version":[{"id":1165,"href":"https:\/\/www.solvena.pl\/index.php?rest_route=\/wp\/v2\/pages\/1101\/revisions\/1165"}],"wp:attachment":[{"href":"https:\/\/www.solvena.pl\/index.php?rest_route=%2Fwp%2Fv2%2Fmedia&parent=1101"}],"curies":[{"name":"wp","href":"https:\/\/api.w.org\/{rel}","templated":true}]}}