{"id":717,"date":"2010-05-26T07:15:50","date_gmt":"2010-05-26T06:15:50","guid":{"rendered":"http:\/\/www.solvena.pl\/?page_id=717"},"modified":"2010-05-26T07:15:50","modified_gmt":"2010-05-26T06:15:50","slug":"enova","status":"publish","type":"page","link":"https:\/\/www.solvena.pl\/?page_id=717","title":{"rendered":"ENOVA"},"content":{"rendered":"<p><span style=\"color:#00ff00;\"><strong>enova<\/strong><\/span>&nbsp; to zintegrowany system nowej generacji do wspomagania zarz\u0105dzania przedsi\u0119biorstwem. Program mo\u017ce funkcjonowa\u0107 zar&oacute;wno w ma\u0142ych, \u015brednich jak i du\u017cych firmach handlowych, produkcyjnych, transportowych oraz us\u0142ugowych r&oacute;\u017cnych bran\u017c, a tak\u017ce w jednostkach bud\u017cetowych i instytucjach u\u017cyteczno\u015bci publicznej. Dzi\u0119ki odpowiedniej parametryzacji i indywidualnemu doborowi element&oacute;w, aplikacja spe\u0142ni wymagania zar&oacute;wno pocz\u0105tkuj\u0105cego przedsi\u0119biorcy jak i zar&oacute;wno mi\u0119dzynarodowego koncernu.<\/p>\n<p>\n\tSystem <strong><span style=\"color:#00ff00;\">enova<\/span><\/strong> mo\u017ce rosn\u0105\u0107 z klientem. Rozbudowa systemu nie wymaga przy tym reorganizacji firmy, wymiany baz, migracji danych zachowuje on ci\u0105g\u0142o\u015b\u0107 informacji i umo\u017cliwia dost\u0119p do danych z ka\u017cdego okresu funkcjonowania firmy. Wystarczy odpowiednio dopasowa\u0107 elementy systemu potrzebne w danej chwili. Istnieje te\u017c specjalistyczna wersja dla biur rachunkowych i kancelarii doradztwa podatkowego.<\/p>\n<p>\n\tSprawd\u017a czy <strong><span style=\"color:#00ff00;\">enova<\/span><\/strong> to aplikacja idealna dla Twojej firmy<br \/>\n\tSzukasz ca\u0142o\u015bciowego system albo chcesz uzupe\u0142ni\u0107 system ju\u017c funkcjonuj\u0105cy, szczeg&oacute;lnie klasy ERP.<br \/>\n\tDzia\u0142asz na polskim rynku lub potrzebujesz systemu \u015bwietnie zorientowanego w polskich realiach.<br \/>\n\tPotrzebujesz optymalnego rozwi\u0105zania, \u0142atwego do zmodyfikowania, kiedy zmieni\u0105 si\u0119 przepisy lub potrzeby firmy. <br \/>\n\tSpodziewasz si\u0119, \u017ce interfejs systemu b\u0119dzie \u0142atwy, przyjazny i intuicyjny w obs\u0142udze.<br \/>\n\tOczekujesz, \u017ce system sam b\u0119dzie podejmowa\u0142 proste decyzje i podsuwa\u0142 rozwi\u0105zania trudnych problem&oacute;w.<br \/>\n\tCenisz mo\u017cliwo\u015b\u0107 bezpo\u015bredniego kontaktu z kompetentnym serwisem.<br \/>\n\tSzanujesz pieni\u0105dze przeznaczone na inwestycje dlatego wybierasz produkty najlepszej jako\u015bci w rozs\u0105dnej cenie.<\/p>\n<p>\n\t<strong>Podstawowe modu\u0142y:<\/strong><\/p>\n<p><strong><span style=\"color:#00ff00;\">CRM<\/span><br \/>\n\t<\/strong>zarz\u0105dzanie klientami &ndash; kampanie &ndash; projekty &#8211; zadania i zdarzenia &ndash; przypomnienia o zadaniach &ndash; definiowane rodzaje zda\u0144 i zdarze\u0144 &ndash; korespondencja seryjna &ndash; wsp&oacute;\u0142praca z poczt\u0105 elektroniczn\u0105 &ndash; kalendarz zada\u0144<\/p>\n<p>\n\t<span style=\"color:#00ff00;\"><strong>Handel<\/strong><br \/>\n\t<\/span>faktury VAT &ndash; paragony &ndash; rachunki &ndash; dokumenty UE &ndash; deklaracje intrastat &ndash; kartoteki kontrahent&oacute;w &ndash; cennik w r&oacute;\u017cnych walutach &ndash; mo\u017cliwo\u015b\u0107 od\u0142o\u017cenia faktury do bufora &ndash; mo\u017cliwo\u015b\u0107 r\u0119cznej modyfikacji cen w trakcie wystawiania faktury &ndash; definiowanie dowolnej ilo\u015bci cen towar&oacute;w oraz wzor&oacute;w przeliczania cen &ndash; indywidualne ceny i upusty dla kontrahenta na dany towar &ndash; zestawienia sprzeda\u017cy (globalne, grupowe, szczeg&oacute;\u0142owe) za dany okres wed\u0142ug wybranych dokument&oacute;w, kontrahent&oacute;w i towar&oacute;w &ndash; prezentacja danych w zestawieniach wed\u0142ug r&oacute;\u017cnych kryteri&oacute;w &ndash; wsp&oacute;\u0142praca z urz\u0105dzeniami fiskalnymi &ndash; definiowalne obiegi dokument&oacute;w &ndash; magazyny &ndash; kompletacje i de kompletacje &ndash; definiowalne receptury produkt&oacute;w &ndash; zam&oacute;wienia &ndash; oferty<\/p>\n<p>\n\t<span style=\"color:#00ff00;\"><strong>Ksi\u0119ga Podatkowa<\/strong><br \/>\n\t<\/span>zapisy ksi\u0119gowe &ndash; ewidencja VAT &ndash; deklaracje &ndash; rozrachunki z kontrahentami &ndash; przelewy w tym elektroniczne dokumenty &ndash; wewn\u0119trzne raporty &#8211; zestawienia wg r&oacute;\u017cnych kryteri&oacute;w &ndash; analiza koszt&oacute;w i przychod&oacute;w firmy<\/p>\n<p>\n\t<span style=\"color:#00ff00;\"><strong>Ksi\u0119ga Handlowa<\/strong><br \/>\n\t<\/span>plan kont &ndash; dziennik &ndash; ewidencja dokument&oacute;w &ndash; ewidencja VAT &ndash; raporty kasowe &ndash; wyci\u0105gi bankowe &ndash; zestawienie sald i obrot&oacute;w &ndash; zestawienia ksi\u0119gowe (bilans, rachunek wynik&oacute;w, przep\u0142ywy pieni\u0119\u017cne)- deklaracje rozrachunki z kontrahentami w tym rozrachunki walutowe &ndash; r&oacute;\u017cnice kursowe &ndash; przelewy w tym elektroniczne &ndash; noty odsetkowe &ndash; ponaglenia zap\u0142aty &ndash; kompensaty &ndash; potwierdzenia sald a &ndash; struktura wiekowa zobowi\u0105za\u0144 i nale\u017cno\u015bci &ndash; automatyzacja dekret&oacute;w &ndash; raporty i zestawienia &ndash; wyszukiwanie zbiorczych informacji wed\u0142ug wielu r&oacute;\u017cnych kryteri&oacute;w<\/p>\n<p>\n\t<span style=\"color:#00ff00;\"><strong>Ksi\u0119ga inwentarzowa<\/strong><br \/>\n\t<\/span>ewidencja \u015brodk&oacute;w trwa\u0142ych i warto\u015bci niematerialnych i prawnych &ndash; ewidencja wyposa\u017cenia &ndash; dokumenty LT, OT &ndash; zmiana warto\u015bci, przeszacowanie &ndash; automatyczne naliczanie odpis&oacute;w amortyzacyjnych &ndash; plan amortyzacji &ndash; obs\u0142uga miejsc powstawania koszt&oacute;w &ndash; ewidencja miejsc u\u017cytkowania \u015brodk&oacute;w i os&oacute;b odpowiedzialnych &ndash; terminarz remont&oacute;w i ubezpiecze\u0144 &ndash; arkusze wspomagaj\u0105ce spis z natury &ndash;kody kreskowe &ndash; wsp&oacute;\u0142praca z kolektorami danych &ndash; pe\u0142ne raportowanie w uj\u0119ciu syntetycznym i analitycznym<\/p>\n<p>\n\t<span style=\"color:#00ff00;\"><strong>Kadry i p\u0142ace<\/strong><\/span> <br \/>\n\tewidencja kadr &ndash; ewidencja p\u0142ac &ndash; definiowane harmonogramy czasu pracy &ndash; nieobecno\u015bci &ndash; definiowalne sposoby wynagradzania &ndash; rozliczanie wszystkich wyst\u0119puj\u0105cych sk\u0142adnik&oacute;w p\u0142acowych (wynagrodzenie podstawowe: kwotowe, dzienne, godzinowe, prowizyjne, akordowe, zasi\u0142ki, nagrody premie, odprawy) &ndash; rozliczenia z pracownikami w tym walutowe &ndash; wsp&oacute;\u0142praca z rejestratorami czasu pracy (RCP) &ndash; deklaracje rozliczeniowe Urz\u0119dem Skarbowym miesi\u0119czne i roczne &ndash; rozliczenia i deklaracje ZUS &ndash; eksport do programu P\u0142atnik &ndash; wzory um&oacute;w o prac\u0119 &ndash; pe\u0142na dokumentacja zwi\u0105zana z pracownikiem<\/p>\n<p>\n\t<span style=\"color:#00ff00;\"><strong>Serwis<\/strong><br \/>\n\t<\/span>ewidencja urz\u0105dze\u0144 &ndash; planowanie przegl\u0105d&oacute;w &ndash; zlecenia serwisowe &ndash; definiowane rodzaje urz\u0105dze\u0144 i zlece\u0144 &ndash; przypomnienia &ndash; wsp&oacute;\u0142praca z poczt\u0105 elektroniczn\u0105 &ndash; grafik zlece\u0144<\/p>\n<p>\n\t<span style=\"color:#00ff00;\"><strong>Wypo\u017cyczalnia<\/strong><br \/>\n\t<\/span>ewidencja urz\u0105dze\u0144 &ndash; wypo\u017cyczenia &ndash; kalendarz urz\u0105dzenia &ndash; definiowane rodzaje urz\u0105dze\u0144 i wypo\u017cycze\u0144<br \/>\n\tenova &ndash; jako\u015b\u0107 i wygoda u\u017cytkownika<\/p>\n<p>\n\t<span style=\"color:#00ff00;\"><strong>Integracja z popularnymi aplikacjami<\/strong><br \/>\n\t<\/span>Obs\u0142uga e wyci\u0105g&oacute;w (import wyci\u0105g&oacute;w bankowych do modu\u0142u ksi\u0119gowego z system&oacute;w ksi\u0119gowo\u015bci elektronicznej)<br \/>\n\tIntegracja z innymi aplikacjami wykorzystywanymi w przedsi\u0119biorstwach (programy wspomagaj\u0105ce zarz\u0105dzanie produkcj\u0105 lub ewidencjonuj\u0105ce czas pracy kierowc&oacute;w, programy zarz\u0105dzaj\u0105ce dokumentami i ich obiegiem w firmie oraz wiele innych aplikacji).<\/p>\n<p>\n\t<strong>Wygodna obs\u0142uga<\/strong><br \/>\n\tProgram nowej generacji wykonany przy u\u017cyciu specjalistycznych narz\u0119dzi programistycznych Microsoft.NET, Microsoft Visual, Studio.NET Tr&oacute;jwarstwowa struktura umo\u017cliwiaj\u0105ca \u0142atw\u0105 rozbudow\u0119 systemu i u\u0142atwiaj\u0105ca wykorzystanie programu w rozwi\u0105zaniach internetowych.<\/p>\n","protected":false},"excerpt":{"rendered":"<p>enova&nbsp; to zintegrowany system nowej generacji do wspomagania zarz\u0105dzania przedsi\u0119biorstwem. Program mo\u017ce funkcjonowa\u0107 zar&oacute;wno w ma\u0142ych, \u015brednich jak i du\u017cych firmach handlowych, produkcyjnych, transportowych oraz us\u0142ugowych r&oacute;\u017cnych bran\u017c, a tak\u017ce w jednostkach bud\u017cetowych i instytucjach u\u017cyteczno\u015bci publicznej. Dzi\u0119ki odpowiedniej parametryzacji i indywidualnemu doborowi element&oacute;w, aplikacja spe\u0142ni wymagania zar&oacute;wno pocz\u0105tkuj\u0105cego przedsi\u0119biorcy jak i zar&oacute;wno mi\u0119dzynarodowego koncernu.&hellip; <br \/> <a class=\"read-more\" href=\"https:\/\/www.solvena.pl\/?page_id=717\">Dowiedz si\u0119 wi\u0119cej<\/a><\/p>\n","protected":false},"author":1,"featured_media":0,"parent":0,"menu_order":0,"comment_status":"closed","ping_status":"open","template":"","meta":{"_mi_skip_tracking":false},"_links":{"self":[{"href":"https:\/\/www.solvena.pl\/index.php?rest_route=\/wp\/v2\/pages\/717"}],"collection":[{"href":"https:\/\/www.solvena.pl\/index.php?rest_route=\/wp\/v2\/pages"}],"about":[{"href":"https:\/\/www.solvena.pl\/index.php?rest_route=\/wp\/v2\/types\/page"}],"author":[{"embeddable":true,"href":"https:\/\/www.solvena.pl\/index.php?rest_route=\/wp\/v2\/users\/1"}],"replies":[{"embeddable":true,"href":"https:\/\/www.solvena.pl\/index.php?rest_route=%2Fwp%2Fv2%2Fcomments&post=717"}],"version-history":[{"count":2,"href":"https:\/\/www.solvena.pl\/index.php?rest_route=\/wp\/v2\/pages\/717\/revisions"}],"predecessor-version":[{"id":719,"href":"https:\/\/www.solvena.pl\/index.php?rest_route=\/wp\/v2\/pages\/717\/revisions\/719"}],"wp:attachment":[{"href":"https:\/\/www.solvena.pl\/index.php?rest_route=%2Fwp%2Fv2%2Fmedia&parent=717"}],"curies":[{"name":"wp","href":"https:\/\/api.w.org\/{rel}","templated":true}]}}