{"id":79,"date":"2009-03-01T19:01:26","date_gmt":"2009-03-01T18:01:26","guid":{"rendered":"http:\/\/marhoff.tivi.net.pl\/marhoff\/?page_id=79"},"modified":"2016-09-01T13:58:27","modified_gmt":"2016-09-01T11:58:27","slug":"o-firmie","status":"publish","type":"page","link":"https:\/\/www.solvena.pl\/?page_id=79","title":{"rendered":"O firmie"},"content":{"rendered":"<p><strong>Solvena Management Systems Sp. z o.o.<\/strong><\/p>\n<p><a name=\"onas\"><strong>Kim jeste\u015bmy?<\/strong><\/a><br \/>\nJeste\u015bmy dynamicznie rozwijaj\u0105c\u0105 si\u0119 Sp\u00f3\u0142k\u0105 dzia\u0142aj\u0105c\u0105 w bran\u017cy informatycznej, specjalizuj\u0105c\u0105 si\u0119 w projektowaniu i wdra\u017caniu nowoczesnych rozwi\u0105za\u0144 informatycznych wspieraj\u0105cych zarz\u0105dzanie przedsi\u0119biorstw.<\/p>\n<p>Pod nazw\u0105 <strong>Solvena Management Systems<\/strong> dzia\u0142amy od wrze\u015bnia 2008 roku. Nasza firma powsta\u0142a w efekcie przeniesienia zasob\u00f3w Dzia\u0142u System\u00f3w U\u017cytkowych ze struktur <a title=\"SSK S.A.\" href=\"http:\/\/www.ssk.com.pl\" target=\"_blank\">Surfland Systemy Komputerowe S.A<\/a>. Pozyskawszy w ten spos\u00f3b kompetentny i do\u015bwiadczony zesp\u00f3\u0142 z powodzeniem kontynuujemy dotychczasow\u0105 dzia\u0142alno\u015b\u0107 Surfland Systemy Komputerowe SA w zakresie wdro\u017ce\u0144 zaawansowanych system\u00f3w i aplikacji dla biznesu.<\/p>\n<p><a name=\"wizjamisja\"><strong>Nasza Misja<\/strong><\/a><\/p>\n<p>Wsp\u00f3\u0142pracowa\u0107 z Klientami i Partnerami w osi\u0105ganiu sukces\u00f3w.<\/p>\n<p><strong>Nasza Wizja<\/strong><\/p>\n<p>By\u0107 wiod\u0105cym ekspertem w dziedzinie zarz\u0105dzania procesami i efektywno\u015bci\u0105 przedsi\u0119biorstw.<\/p>\n<p><a name=\"historia\"><strong>Nasza historia<\/strong><\/a><\/p>\n<ul>\n<li>2003 \u2013 powo\u0142anie Dzia\u0142u System\u00f3w U\u017cytkowych w Surfland Systemy Komputerowe SA<\/li>\n<li>2003 \u2013 podpisanie umowy partnerskiej z Microsoft Business Solutions w zakresie dystrybucji i wdra\u017cania oprogramowania MBS Navision<\/li>\n<li>2008 \u2013 wydzielenie Sp\u00f3\u0142ki Solvena Management Systems dedykowanej dla\u00a0 system\u00f3w aplikacyjnych dla biznesu<\/li>\n<li>2009 \u2013 pozyskanie inwestora bran\u017cowego, firmy Solemis Group SA z Gdyni, wiod\u0105cego dostawcy zaawansowanych rozwi\u0105za\u0144 biznesowych z ponad 20-sto letnim do\u015bwiadczeniem na rynku informatycznym<\/li>\n<li>2012 \u2013 stworzenie Systemu Monitorowania Odpad\u00f3w Komunalnych dla ZDiUM Wroc\u0142aw<\/li>\n<li>2013 \u2013 wdro\u017cenie SMOK w kilkunastu Gminach i Zwi\u0105zkach mi\u0119dzygminnych w celu realizacji wymaga\u0144 nowej ustawy o gospodarowaniu odpadami w gminie<\/li>\n<li>2015 \u2013 zaprojektowanie i wdro\u017cenie systemu EKORADAR  monitoruj\u0105cego realizacj\u0119 zada\u0144 w zakresie odbioru odpad\u00f3w przez firmy wywozowe <\/li>\n<li>2015 \u2013 umowa partnerska z w zakresie sprzeda\u017cy i wdra\u017cania rozwi\u0105zania DMSCLOUD <\/li>\n<\/ul>\n<p><a name=\"uslugi\"><strong>Solvena Management Systems Sp. z o.o.<\/strong><\/a> realizuje projekty wdro\u017ceniowe system\u00f3w wspieraj\u0105cych zarz\u0105dzanie przedsi\u0119biorstwem takich jak systemy ERP (ang. Enterprise Resource Planning), DMS (Document Management System), BPM (Business Process Management) oraz rozwi\u0105za\u0144 do bud\u017cetowania, planowania i analiz (BI) w oparciu o platformy renomowanych producent\u00f3w oprogramowania takich jak Microsoft, DocLogix, Prophix i Targit.<br \/>\nSolvena Management Systems Sp. z o.o. oferuje r\u00f3wnie\u017c autorskie oprogramowanie w obszarze gospodarki odpadami przez Gmin\u0119, firmy wywozowe czy RIPOK z wykorzystaniem technologii RFID oraz kod\u00f3w kresowych.<\/p>\n<p>Naszymi Klientami s\u0105 instytucje publiczne oraz przedsi\u0119biorstwa z sektora SMB, kt\u00f3re w strategii rozwoju stawiaj\u0105 na innowacyjno\u015b\u0107 i efektywno\u015b\u0107.<br \/>\n<strong><\/strong><\/p>\n<p><strong>W ramach prowadzonej dzia\u0142alno\u015bci realizujemy m. in.:<br \/>\n<\/strong><\/p>\n<ul>\n<li>Wdro\u017cenia systemu do wsparcia pracy grupowej &#8211; DMSCLOUD<\/li>\n<li>Wdro\u017cenia aplikacji dla gospodarki odpadami EKORADAR, SMOK, SIGO<\/li>\n<li>Wdro\u017cenia system\u00f3w ERP &#8211; ENOVA<\/li>\n<li>Analizy przedwdro\u017ceniowe system\u00f3w informatycznych<\/li>\n<li>Specjalizowany serwis powdro\u017ceniowy w zakresie wdro\u017conych aplikacji<\/li>\n<li>Projektowanie oraz tworzenie aplikacji dedykowanych<\/li>\n<li>Szkolenia z zakresu obs\u0142ugi system\u00f3w informatycznych<\/li>\n<li>Integracja aplikacji biznesowych z zewn\u0119trznymi aplikacjami (systemy ERP, wagowe etc.)<\/li>\n<\/ul>\n<p><strong>Dlaczego warto nam zaufa\u0107?<\/strong><br \/>\nPrace w zakresie wdra\u017cania, modyfikacji, rozwoju i utrzymania aplikacji realizowane s\u0105 przez nasz zesp\u00f3\u0142 certyfikowanych konsultant\u00f3w oraz programist\u00f3w. Posiadamy bogate do\u015bwiadczenie zweryfikowane przez liczne grono dotychczasowych Klient\u00f3w, do kt\u00f3rych nale\u017c\u0105 takie firmy jak:<\/p>\n<ul>\n<li>Komunalny Zwi\u0105zek Gmin Regionu Leszczy\u0144skiego<\/li>\n<li>Zwi\u0105zek Mi\u0119dzygminny Czysty Region<\/li>\n<li>Zwi\u0105zek Mi\u0119dzygminny \u015al\u0119za-O\u0142awa<\/li>\n<li>JURANT s.c.<\/li>\n<li>getBACK S.A.<\/li>\n<li>ZM SELEKT<\/li>\n<li>Trans-Formers Sp. z o.o.<\/li>\n<li>ZM BZURA<\/li>\n<li>Prometgas<\/li>\n<li>ZUOK Spytkowo<\/li>\n<li>Chemeko System Sp. z o.o.<\/li>\n<li>Netpack<\/li>\n<li>Surfland Systemy Komputerowe<\/li>\n<li>Saja Cargo Sp. z o.o.<\/li>\n<li>ZM MG-6<\/li>\n<\/ul>\n<p>Proponujemy Pa\u0144stwu wsp\u00f3\u0142prac\u0119 z wykorzystaniem sprawdzonych metod i narz\u0119dzi. Razem zaplanujemy szczeg\u00f3\u0142y proces\u00f3w biznesowych i okre\u015blimy atuty pozwalaj\u0105ce na podniesienie konkurencyjno\u015bci firmy. Na podstawie tych informacji opracujemy rozwi\u0105zanie spe\u0142niaj\u0105ce dok\u0142adnie Pa\u0144stwa wymagania. Przed rozpocz\u0119ciem wdro\u017cenia okre\u015blimy ca\u0142o\u015bciowy bud\u017cet oraz czasowe ramy projektu. Ca\u0142e przedsi\u0119wzi\u0119cie b\u0119dzie poparte odpowiedni\u0105 dokumentacj\u0105.<\/p>\n","protected":false},"excerpt":{"rendered":"<p>Solvena Management Systems Sp. z o.o. Kim jeste\u015bmy? Jeste\u015bmy dynamicznie rozwijaj\u0105c\u0105 si\u0119 Sp\u00f3\u0142k\u0105 dzia\u0142aj\u0105c\u0105 w bran\u017cy informatycznej, specjalizuj\u0105c\u0105 si\u0119 w projektowaniu i wdra\u017caniu nowoczesnych rozwi\u0105za\u0144 informatycznych wspieraj\u0105cych zarz\u0105dzanie przedsi\u0119biorstw. Pod nazw\u0105 Solvena Management Systems dzia\u0142amy od wrze\u015bnia 2008 roku. Nasza firma powsta\u0142a w efekcie przeniesienia zasob\u00f3w Dzia\u0142u System\u00f3w U\u017cytkowych ze struktur Surfland Systemy Komputerowe S.A.&hellip; <br \/> <a class=\"read-more\" href=\"https:\/\/www.solvena.pl\/?page_id=79\">Dowiedz si\u0119 wi\u0119cej<\/a><\/p>\n","protected":false},"author":1,"featured_media":0,"parent":0,"menu_order":0,"comment_status":"closed","ping_status":"closed","template":"","meta":{"_mi_skip_tracking":false},"_links":{"self":[{"href":"https:\/\/www.solvena.pl\/index.php?rest_route=\/wp\/v2\/pages\/79"}],"collection":[{"href":"https:\/\/www.solvena.pl\/index.php?rest_route=\/wp\/v2\/pages"}],"about":[{"href":"https:\/\/www.solvena.pl\/index.php?rest_route=\/wp\/v2\/types\/page"}],"author":[{"embeddable":true,"href":"https:\/\/www.solvena.pl\/index.php?rest_route=\/wp\/v2\/users\/1"}],"replies":[{"embeddable":true,"href":"https:\/\/www.solvena.pl\/index.php?rest_route=%2Fwp%2Fv2%2Fcomments&post=79"}],"version-history":[{"count":26,"href":"https:\/\/www.solvena.pl\/index.php?rest_route=\/wp\/v2\/pages\/79\/revisions"}],"predecessor-version":[{"id":180,"href":"https:\/\/www.solvena.pl\/index.php?rest_route=\/wp\/v2\/pages\/79\/revisions\/180"}],"wp:attachment":[{"href":"https:\/\/www.solvena.pl\/index.php?rest_route=%2Fwp%2Fv2%2Fmedia&parent=79"}],"curies":[{"name":"wp","href":"https:\/\/api.w.org\/{rel}","templated":true}]}}